{"id":115,"date":"2015-08-01T23:43:07","date_gmt":"2015-08-01T21:43:07","guid":{"rendered":"https:\/\/johannestwielemeier.de\/jtneu\/?page_id=115"},"modified":"2022-12-10T15:11:54","modified_gmt":"2022-12-10T14:11:54","slug":"grabmale","status":"publish","type":"page","link":"https:\/\/johannestwielemeier.de\/?page_id=115","title":{"rendered":"Grabmale"},"content":{"rendered":"<section class=\"wpb-content-wrapper\"><p>[vc_row css=&#8220;.vc_custom_1439565118355{background-color: #edece4 !important;}&#8220;][vc_column width=&#8220;1\/3&#8243; css=&#8220;.vc_custom_1550006581352{margin-top: 0px !important;margin-right: 0px !important;margin-bottom: 0px !important;margin-left: 0px !important;border-top-width: 0px !important;border-right-width: 0px !important;border-bottom-width: 0px !important;border-left-width: 0px !important;padding-top: 0px !important;padding-right: 0px !important;padding-bottom: 0px !important;padding-left: 0px !important;}&#8220;][vc_single_image image=&#8220;477&#8243; img_size=&#8220;full&#8220; el_class=&#8220;imagefull&#8220;][\/vc_column][vc_column width=&#8220;2\/3&#8243;][vc_empty_space height=&#8220;20px&#8220;][vc_column_text css=&#8220;.vc_custom_1454000256829{padding-top: 20px !important;padding-right: 20px !important;}&#8220; el_class=&#8220;textblock&#8220;]<\/p>\n<h1>Das pers\u00f6nliche Grabmal.<\/h1>\n<p>Einem Menschen ein Denkmal setzen hei\u00dft, diesen Menschen in den Mittelpunkt zu stellen. Bei einem verstorbenen, geliebten Menschen hei\u00dft es auch, ihm einen Platz zuzuweisen, an dem er weiterlebt, in den Gedanken, im Herzen und in der Erinnerung.<\/p>\n<p>Das pers\u00f6nliche Grabmal ist ein Trost, ein Weg der Selbstbegleitung im Trauerprozess, vielleicht auch eine Art Geheimsprache zwischen den Angeh\u00f6rigen und dem Verstorbenen. Es weckt Gedanken und Gef\u00fchle und h\u00e4lt den Kontakt der Lebenden zu den Toten aufrecht, und darum darf und soll es pers\u00f6nlich sein.<\/p>\n<p>Auf den folgenden Seiten finden Sie eine Auswahl der von mir entworfenen und ausgef\u00fchrten Grabmale, die alle eines gemeinsam haben: Sie erz\u00e4hlen etwas von den Menschen, f\u00fcr die sie geschaffen worden sind.<\/p>\n<p>Sprechen Sie mich an, ich nehme mir Zeit f\u00fcr Sie.[\/vc_column_text][vc_column_text el_class=&#8220;textblock&#8220;]<a class=\"portfolio\" href=\"https:\/\/johannestwielemeier.de\/?page_id=1200\">Grabmale Stelen<\/a> <a class=\"portfolio\" href=\"https:\/\/johannestwielemeier.de\/?page_id=1211\">Grabmale Liegesteine<\/a>[\/vc_column_text][\/vc_column][\/vc_row]<\/p>\n<\/section>","protected":false},"excerpt":{"rendered":"<p>[vc_row css=&#8220;.vc_custom_1439565118355{background-color: #edece4 !important;}&#8220;][vc_column width=&#8220;1\/3&#8243; css=&#8220;.vc_custom_1550006581352{margin-top: 0px !important;margin-right: 0px !important;margin-bottom: 0px !important;margin-left: 0px !important;border-top-width: 0px !important;border-right-width:&hellip;<\/p>\n","protected":false},"author":1,"featured_media":0,"parent":0,"menu_order":0,"comment_status":"closed","ping_status":"open","template":"","meta":[],"_links":{"self":[{"href":"https:\/\/johannestwielemeier.de\/index.php?rest_route=\/wp\/v2\/pages\/115"}],"collection":[{"href":"https:\/\/johannestwielemeier.de\/index.php?rest_route=\/wp\/v2\/pages"}],"about":[{"href":"https:\/\/johannestwielemeier.de\/index.php?rest_route=\/wp\/v2\/types\/page"}],"author":[{"embeddable":true,"href":"https:\/\/johannestwielemeier.de\/index.php?rest_route=\/wp\/v2\/users\/1"}],"replies":[{"embeddable":true,"href":"https:\/\/johannestwielemeier.de\/index.php?rest_route=%2Fwp%2Fv2%2Fcomments&post=115"}],"version-history":[{"count":23,"href":"https:\/\/johannestwielemeier.de\/index.php?rest_route=\/wp\/v2\/pages\/115\/revisions"}],"predecessor-version":[{"id":1232,"href":"https:\/\/johannestwielemeier.de\/index.php?rest_route=\/wp\/v2\/pages\/115\/revisions\/1232"}],"wp:attachment":[{"href":"https:\/\/johannestwielemeier.de\/index.php?rest_route=%2Fwp%2Fv2%2Fmedia&parent=115"}],"curies":[{"name":"wp","href":"https:\/\/api.w.org\/{rel}","templated":true}]}}

<section class="wpb-content-wrapper"><p>[vc_row css=&#8220;.vc_custom_1439565118355{background-color: #edece4 !important;}&#8220;][vc_column width=&#8220;1/3&#8243; css=&#8220;.vc_custom_1550006581352{margin-top: 0px !important;margin-right: 0px !important;margin-bottom: 0px !important;margin-left: 0px !important;border-top-width: 0px !important;border-right-width: 0px !important;border-bottom-width: 0px !important;border-left-width: 0px !important;padding-top: 0px !important;padding-right: 0px !important;padding-bottom: 0px !important;padding-left: 0px !important;}&#8220;][vc_single_image image=&#8220;477&#8243; img_size=&#8220;full&#8220; el_class=&#8220;imagefull&#8220;][/vc_column][vc_column width=&#8220;2/3&#8243;][vc_empty_space height=&#8220;20px&#8220;][vc_column_text css=&#8220;.vc_custom_1454000256829{padding-top: 20px !important;padding-right: 20px !important;}&#8220; el_class=&#8220;textblock&#8220;]</p>
<h1>Das persönliche Grabmal.</h1>
<p>Einem Menschen ein Denkmal setzen heißt, diesen Menschen in den Mittelpunkt zu stellen. Bei einem verstorbenen, geliebten Menschen heißt es auch, ihm einen Platz zuzuweisen, an dem er weiterlebt, in den Gedanken, im Herzen und in der Erinnerung.</p>
<p>Das persönliche Grabmal ist ein Trost, ein Weg der Selbstbegleitung im Trauerprozess, vielleicht auch eine Art Geheimsprache zwischen den Angehörigen und dem Verstorbenen. Es weckt Gedanken und Gefühle und hält den Kontakt der Lebenden zu den Toten aufrecht, und darum darf und soll es persönlich sein.</p>
<p>Auf den folgenden Seiten finden Sie eine Auswahl der von mir entworfenen und ausgeführten Grabmale, die alle eines gemeinsam haben: Sie erzählen etwas von den Menschen, für die sie geschaffen worden sind.</p>
<p>Sprechen Sie mich an, ich nehme mir Zeit für Sie.[/vc_column_text][vc_column_text el_class=&#8220;textblock&#8220;]<a class="portfolio" href="https://johannestwielemeier.de/?page_id=1200">Grabmale Stelen</a> <a class="portfolio" href="https://johannestwielemeier.de/?page_id=1211">Grabmale Liegesteine</a>[/vc_column_text][/vc_column][/vc_row]</p>
</section>
